{"id":12407,"date":"2021-03-25T12:10:45","date_gmt":"2021-03-25T11:10:45","guid":{"rendered":"http:\/\/liluak-vtt.com\/?page_id=12407"},"modified":"2025-05-27T10:10:18","modified_gmt":"2025-05-27T08:10:18","slug":"anniversaire-evg-evjf-vtt-paysbasque","status":"publish","type":"page","link":"https:\/\/liluak-vtt.com\/index.php\/anniversaire-evg-evjf-vtt-paysbasque\/","title":{"rendered":"EVG &#038; EVJF au Pays Basque : sortie VTT \u00e9lectrique entre amis"},"content":{"rendered":"<p><section class=\"kc-elm kc-css-730762 kc_row\"><div class=\"kc-row-container  kc-container\"><div class=\"kc-wrap-columns\"><div class=\"kc-elm kc-css-488373 kc_col-sm-12 kc_column kc_col-sm-12\"><div class=\"kc-col-container\">\n<div class=\"element-block-heading style-default\">\n\t<div class=\"wrapper\">\n\t\t<div class=\"inner\">\n\t\t\t\n\t\t\t\t\t\t<h2 class=\"heading\">Organisez une activit\u00e9 fun, sportive et inoubliable pour un enterrement de vie de gar\u00e7on (EVG) ou de jeune fille (EVJF) au Pays Basque !<\/h2>\n\t\t\t\t\t\t\n\t\t\t\t\t<\/div>\n\t<\/div>\n<\/div><div class=\"kc-elm kc-css-364816\" style=\"height: 20px; clear: both; width:100%;\"><\/div><div class=\"kc-elm kc-css-331966 kc_text_block\"><\/p>\n<p>Avec <strong data-start=\"336\" data-end=\"350\">Liluak VTT<\/strong>, partez \u00e0 l\u2019aventure en <strong data-start=\"375\" data-end=\"407\">VTT \u00e9lectrique tout suspendu<\/strong>, sur des itin\u00e9raires spectaculaires entre mer et montagne.<\/p>\n<p>\n<\/div><div class=\"kc-elm kc-css-718224\" style=\"height: 20px; clear: both; width:100%;\"><\/div><\/div><\/div><\/div><\/div><\/section><section class=\"kc-elm kc-css-180060 kc_row\"><div class=\"kc-row-container  kc-container\"><div class=\"kc-wrap-columns\"><div class=\"kc-elm kc-css-630946 kc_col-sm-12 kc_column kc_col-sm-12\"><div class=\"kc-col-container\"><div class=\"kc-elm kc-css-678243\" style=\"height: 20px; clear: both; width:100%;\"><\/div><div class=\"kc-elm kc-css-97146\">\n\t<div class=\"kc-carousel_images kc-elm kc-css-97146\">\n\t\n\t\t<div class=\"kc-carousel-images owl-carousel-images kc-sync1 \" data-owl-i-options='{\"items\":\"1\",\"tablet\":\"1\",\"mobile\":\"1\",\"speed\":\"500\",\"navigation\":\"\",\"pagination\":\"yes\",\"autoheight\":\"\",\"progressbar\":\"\",\"delay\":\"8\",\"autoplay\":\"yes\",\"showthumb\":\"\",\"num_thumb\":\"5\"}'>\n\t\n\t\t\t\t\t<div class=\"item\">\n\t\n\t\t\t\t\t\t\t<img decoding=\"async\" src=\"https:\/\/liluak-vtt.com\/wp-content\/uploads\/2025\/05\/bilbao-vttelectrique-01.jpg\"  alt=\"\"\/>\n\t\n\t\t\t\t\n\t\t\t<\/div>\n\t\n\t\t\t\t\t<div class=\"item\">\n\t\n\t\t\t\t\t\t\t<img decoding=\"async\" src=\"https:\/\/liluak-vtt.com\/wp-content\/uploads\/2025\/05\/vttelectrique-evg-bilbao.jpg\"  alt=\"\"\/>\n\t\n\t\t\t\t\n\t\t\t<\/div>\n\t\n\t\t\t\t\t<div class=\"item\">\n\t\n\t\t\t\t\t\t\t<img decoding=\"async\" src=\"https:\/\/liluak-vtt.com\/wp-content\/uploads\/2025\/05\/groupe-activite-bilbao.jpg\"  alt=\"\"\/>\n\t\n\t\t\t\t\n\t\t\t<\/div>\n\t\n\t\t\t\t\t<div class=\"item\">\n\t\n\t\t\t\t\t\t\t<img decoding=\"async\" src=\"https:\/\/liluak-vtt.com\/wp-content\/uploads\/2025\/01\/rando-vtt-paysbasque-scaled.jpg\"  alt=\"\"\/>\n\t\n\t\t\t\t\n\t\t\t<\/div>\n\t\n\t\t\t\t\t<div class=\"item\">\n\t\n\t\t\t\t\t\t\t<img decoding=\"async\" src=\"https:\/\/liluak-vtt.com\/wp-content\/uploads\/2025\/01\/liluakvtt-paysbasque02.png\"  alt=\"\"\/>\n\t\n\t\t\t\t\n\t\t\t<\/div>\n\t\n\t\t\t\n\t\t<\/div>\n\t\n\t\t\t<\/div>\n<\/div>\n<\/div><\/div><\/div><\/div><\/section><section class=\"kc-elm kc-css-533898 kc_row\"><div class=\"kc-row-container  kc-container\"><div class=\"kc-wrap-columns\"><div class=\"kc-elm kc-css-114699 kc_col-sm-6 kc_column kc_col-sm-6\"><div class=\"kc-col-container\">\n<div class=\"kc-elm kc-css-526161 kc-title-wrap \">\n\n\t<h1 class=\"kc_title\">Une activit\u00e9 originale et 100 % nature pour groupes\r\n<\/h1>\n<\/div>\n<div class=\"kc-elm kc-css-871435 kc_text_block\"><\/p>\n<p data-start=\"533\" data-end=\"697\">Envie d\u2019une sortie qui sort de l\u2019ordinaire ?<br data-start=\"577\" data-end=\"580\" \/>Nos randonn\u00e9es guid\u00e9es en <strong data-start=\"606\" data-end=\"616\">VTT AE<\/strong> sont accessibles \u00e0 tous les niveaux, et s\u2019adaptent parfaitement \u00e0 votre groupe.<\/p>\n<p>\n<\/div>\n<div class=\"kc-elm kc-css-517873 kc-title-wrap \">\n\n\t<h1 class=\"kc_title\">Au programme : sensations, paysages et souvenirs\r\n<\/h1>\n<\/div>\n<div class=\"kc-elm kc-css-857139 kc_text_block\"><\/p>\n<p data-start=\"1042\" data-end=\"1095\">Chaque sortie est diff\u00e9rente, mais on vous garantit :<\/p>\n<ul data-start=\"1097\" data-end=\"1316\">\n<li data-start=\"1097\" data-end=\"1148\">\n<p data-start=\"1099\" data-end=\"1148\">\u00a0Des chemins en pleine nature, loin des foules<\/p>\n<\/li>\n<li data-start=\"1149\" data-end=\"1210\">\n<p data-start=\"1151\" data-end=\"1210\">Des panoramas spectaculaires (montagnes, oc\u00e9an, for\u00eats)<\/p>\n<\/li>\n<li data-start=\"1211\" data-end=\"1281\">\n<p data-start=\"1213\" data-end=\"1281\">Des pauses d\u00e9tente dans des lieux sympas (snack, ferme, sommet\u2026)<\/p>\n<\/li>\n<li data-start=\"1282\" data-end=\"1316\">\n<p data-start=\"1284\" data-end=\"1316\">De la bonne humeur, toujours !<\/p>\n<\/li>\n<\/ul>\n<blockquote data-start=\"1318\" data-end=\"1531\">\n<p data-start=\"1320\" data-end=\"1531\">\ud83d\udc49 <strong data-start=\"1323\" data-end=\"1372\">Nouveau : d\u00e9couvrez notre sortie EVG \u00e0 Bilbao<\/strong>, entre falaises, for\u00eat et tapas vue mer.<br data-start=\"1413\" data-end=\"1416\" \/><a class=\"cursor-pointer\" href=\"https:\/\/liluak-vtt.com\/index.php\/2025\/05\/27\/groupe-vtt-electrique-bilbao\/\" target=\"_new\" rel=\"noopener\" data-start=\"1416\" data-end=\"1531\">Lire l\u2019article complet sur cette sortie exceptionnelle<\/a><\/p>\n<\/blockquote>\n<p>\n<\/div><\/div><\/div><div class=\"kc-elm kc-css-200477 kc_col-sm-6 kc_column kc_col-sm-6\"><div class=\"kc-col-container\"><div class=\"kc-elm kc-css-796328\">\n\t<div class=\"kc-carousel_images kc-elm kc-css-796328\">\n\t\n\t\t<div class=\"kc-carousel-images owl-carousel-images kc-sync1 \" data-owl-i-options='{\"items\":\"1\",\"tablet\":\"1\",\"mobile\":\"1\",\"speed\":\"500\",\"navigation\":\"\",\"pagination\":\"yes\",\"autoheight\":\"\",\"progressbar\":\"\",\"delay\":\"8\",\"autoplay\":\"yes\",\"showthumb\":\"\",\"num_thumb\":\"5\"}'>\n\t\n\t\t\t\t\t<div class=\"item\">\n\t\n\t\t\t\t\t\t\t<img decoding=\"async\" src=\"https:\/\/liluak-vtt.com\/wp-content\/uploads\/2025\/05\/evg-bilbao.jpg\"  alt=\"\"\/>\n\t\n\t\t\t\t\n\t\t\t<\/div>\n\t\n\t\t\t\t\t<div class=\"item\">\n\t\n\t\t\t\t\t\t\t<img decoding=\"async\" src=\"https:\/\/liluak-vtt.com\/wp-content\/uploads\/2024\/06\/randovttelectrique-liluakvtt-scaled.jpg\"  alt=\"\"\/>\n\t\n\t\t\t\t\n\t\t\t<\/div>\n\t\n\t\t\t\t\t<div class=\"item\">\n\t\n\t\t\t\t\t\t\t<img decoding=\"async\" src=\"https:\/\/liluak-vtt.com\/wp-content\/uploads\/2024\/06\/ainhoa-liluakvtt08.jpg\"  alt=\"\"\/>\n\t\n\t\t\t\t\n\t\t\t<\/div>\n\t\n\t\t\t\t\t<div class=\"item\">\n\t\n\t\t\t\t\t\t\t<img decoding=\"async\" src=\"https:\/\/liluak-vtt.com\/wp-content\/uploads\/2021\/03\/paysbasque-ascain-vtt-scaled.jpg\"  alt=\"\"\/>\n\t\n\t\t\t\t\n\t\t\t<\/div>\n\t\n\t\t\t\t\t<div class=\"item\">\n\t\n\t\t\t\t\t\t\t<img decoding=\"async\" src=\"https:\/\/liluak-vtt.com\/wp-content\/uploads\/2021\/03\/vtt-electrique-randonnee-decouverte-scaled.jpg\"  alt=\"\"\/>\n\t\n\t\t\t\t\n\t\t\t<\/div>\n\t\n\t\t\t\t\t<div class=\"item\">\n\t\n\t\t\t\t\t\t\t<img decoding=\"async\" src=\"https:\/\/liluak-vtt.com\/wp-content\/uploads\/2024\/06\/rando-guidee-vttelectrique-scaled.jpg\"  alt=\"\"\/>\n\t\n\t\t\t\t\n\t\t\t<\/div>\n\t\n\t\t\t\n\t\t<\/div>\n\t\n\t\t\t<\/div>\n<\/div>\n<\/div><\/div><\/div><\/div><\/section><section class=\"kc-elm kc-css-2380 kc_row\"><div class=\"kc-row-container  kc-container\"><div class=\"kc-wrap-columns\"><div class=\"kc-elm kc-css-822267 kc_col-sm-6 kc_column kc_col-sm-6\"><div class=\"kc-col-container\"><div class=\"kc-elm kc-css-469499\" style=\"height: 26px; clear: both; width:100%;\"><\/div>\n<div class=\"kc-elm kc-css-462448 kc-title-wrap \">\n\n\t<h1 class=\"kc_title\">Infos pratiques<\/h1>\n<\/div>\n<div class=\"kc-elm kc-css-586505 kc_text_block\"><\/p>\n<ul>\n<li data-start=\"1562\" data-end=\"1670\">\n<p data-start=\"1564\" data-end=\"1670\"><strong data-start=\"1567\" data-end=\"1602\">Groupes \u00e0 partir de 4 personnes<\/strong><br data-start=\"1602\" data-end=\"1605\" \/><em data-start=\"1607\" data-end=\"1668\">(minimum 8 personnes pour Bilbao et certaines destinations)<\/em><\/p>\n<\/li>\n<li data-start=\"1671\" data-end=\"1719\">\n<p data-start=\"1673\" data-end=\"1719\">Activit\u00e9 <strong data-start=\"1685\" data-end=\"1717\">privatis\u00e9e pour votre groupe<\/strong><\/p>\n<\/li>\n<li data-start=\"1766\" data-end=\"1830\">\n<p data-start=\"1768\" data-end=\"1830\">Possibilit\u00e9 de <strong data-start=\"1786\" data-end=\"1828\">d\u00e9part depuis votre lieu d\u2019h\u00e9bergement<\/strong><\/p>\n<\/li>\n<li data-start=\"1831\" data-end=\"1915\">\n<p data-start=\"1833\" data-end=\"1915\">H\u00e9bergement partenaire : <a class=\"\" href=\"https:\/\/www.urtubien-borda.com\" target=\"_new\" rel=\"noopener\" data-start=\"1861\" data-end=\"1915\">Ferme Urtubien-Borda<\/a><\/p>\n<\/li>\n<\/ul>\n<p>\n<\/div><div class=\"kc-elm kc-css-470255\" style=\"height: 20px; clear: both; width:100%;\"><\/div>\n<div class=\"kc-elm kc-css-827409\">\n\t<a class=\"\" href=\"http:\/\/liluak-vtt.com\/index.php\/rando-vttae-paysbasque\/\" target=\"_self\" title=\"Les randonn\u00e9es guid\u00e9es en VTT Electrique\" onclick=\"\">\n\t\tLes randonn\u00e9es guid\u00e9es en VTT Electrique\t<\/a>\n<\/div>\n<div class=\"kc-elm kc-css-952780\" style=\"height: 20px; clear: both; width:100%;\"><\/div><div class=\"kc-elm kc-css-836479\" style=\"height: 20px; clear: both; width:100%;\"><\/div><\/div><\/div><div class=\"kc-elm kc-css-68447 kc_col-sm-6 kc_column kc_col-sm-6\"><div class=\"kc-col-container\"><div class=\"kc-elm kc-css-500766\" style=\"height: 20px; clear: both; width:100%;\"><\/div>\n<div class=\"kc-elm kc-css-28131 kc-title-wrap \">\n\n\t<h1 class=\"kc_title\">O\u00f9 \u00e7a se passe ?<\/h1>\n<\/div>\n<div class=\"kc-elm kc-css-569735 kc_text_block\"><\/p>\n<p data-start=\"1947\" data-end=\"2032\">Nous organisons des randonn\u00e9es VTT AE dans tout le Pays Basque fran\u00e7ais et espagnol. Chaque sortie est adapt\u00e9e \u00e0 votre lieu de s\u00e9jour, vos envies et votre niveau.<\/p>\n<p>\n<\/div>\n<div class=\"kc-elm kc-css-991222 kc-title-wrap \">\n\n\t<h1 class=\"kc_title\">R\u00e9servez votre EVG ou EVJF VTT \u00e9lectrique<\/h1>\n<\/div>\n<div class=\"kc-elm kc-css-453949 kc_text_block\"><\/p>\n<p data-start=\"2372\" data-end=\"2498\">Pr\u00eats \u00e0 p\u00e9daler\u00a0 ?<br data-start=\"2410\" data-end=\"2413\" \/>Contactez-nous et organisons ensemble <strong data-start=\"2451\" data-end=\"2476\">une sortie sur-mesure<\/strong>, fun et inoubliable !<\/p>\n<p data-start=\"2500\" data-end=\"2616\">\ud83d\udcf2 <a class=\"cursor-pointer\" href=\"https:\/\/liluak-vtt.com\/index.php\/contact-liluak-vtt-pays-basque\/\" target=\"_new\" rel=\"noopener\" data-start=\"2503\" data-end=\"2562\">Formulaire de contact<\/a><\/p>\n<p>\n<\/div><\/div><\/div><\/div><\/div><\/section><\/p>\n","protected":false},"excerpt":{"rendered":"","protected":false},"author":1,"featured_media":0,"parent":0,"menu_order":0,"comment_status":"closed","ping_status":"closed","template":"","meta":{"footnotes":""},"class_list":["post-12407","page","type-page","status-publish","hentry"],"yoast_head":"<!-- This site is optimized with the Yoast SEO plugin v27.4 - https:\/\/yoast.com\/product\/yoast-seo-wordpress\/ -->\n<title>EVG et EVJF au Pays Basque : sortie VTT \u00e9lectrique entre amis<\/title>\n<meta name=\"description\" content=\"Organisez un EVG ou EVJF original au Pays Basque entre amis ! Sortie VTT \u00e9lectrique fun et privatis\u00e9e, d\u00e8s 4 pers.\" \/>\n<meta name=\"robots\" content=\"index, follow, max-snippet:-1, max-image-preview:large, max-video-preview:-1\" \/>\n<link rel=\"canonical\" href=\"https:\/\/liluak-vtt.com\/index.php\/anniversaire-evg-evjf-vtt-paysbasque\/\" \/>\n<meta property=\"og:locale\" content=\"fr_FR\" \/>\n<meta property=\"og:type\" content=\"article\" \/>\n<meta property=\"og:title\" content=\"EVG et EVJF au Pays Basque : sortie VTT \u00e9lectrique entre amis\" \/>\n<meta property=\"og:description\" content=\"Organisez un EVG ou EVJF original au Pays Basque entre amis ! Sortie VTT \u00e9lectrique fun et privatis\u00e9e, d\u00e8s 4 pers.\" \/>\n<meta property=\"og:url\" content=\"https:\/\/liluak-vtt.com\/index.php\/anniversaire-evg-evjf-vtt-paysbasque\/\" \/>\n<meta property=\"og:site_name\" content=\"LILUAK VTT\" \/>\n<meta property=\"article:publisher\" content=\"https:\/\/www.facebook.com\/liluakvtt\" \/>\n<meta property=\"article:modified_time\" content=\"2025-05-27T08:10:18+00:00\" \/>\n<meta property=\"og:image\" content=\"https:\/\/liluak-vtt.com\/wp-content\/uploads\/2025\/05\/bilbao-vttelectrique-01.jpg\" \/>\n<meta name=\"twitter:card\" content=\"summary_large_image\" \/>\n<meta name=\"twitter:label1\" content=\"Dur\u00e9e de lecture estim\u00e9e\" \/>\n\t<meta name=\"twitter:data1\" content=\"1 minute\" \/>\n<script type=\"application\/ld+json\" class=\"yoast-schema-graph\">{\"@context\":\"https:\\\/\\\/schema.org\",\"@graph\":[{\"@type\":\"WebPage\",\"@id\":\"https:\\\/\\\/liluak-vtt.com\\\/index.php\\\/anniversaire-evg-evjf-vtt-paysbasque\\\/\",\"url\":\"https:\\\/\\\/liluak-vtt.com\\\/index.php\\\/anniversaire-evg-evjf-vtt-paysbasque\\\/\",\"name\":\"EVG et EVJF au Pays Basque : sortie VTT \u00e9lectrique entre amis\",\"isPartOf\":{\"@id\":\"https:\\\/\\\/liluak-vtt.com\\\/#website\"},\"primaryImageOfPage\":{\"@id\":\"https:\\\/\\\/liluak-vtt.com\\\/index.php\\\/anniversaire-evg-evjf-vtt-paysbasque\\\/#primaryimage\"},\"image\":{\"@id\":\"https:\\\/\\\/liluak-vtt.com\\\/index.php\\\/anniversaire-evg-evjf-vtt-paysbasque\\\/#primaryimage\"},\"thumbnailUrl\":\"https:\\\/\\\/liluak-vtt.com\\\/wp-content\\\/uploads\\\/2025\\\/05\\\/bilbao-vttelectrique-01.jpg\",\"datePublished\":\"2021-03-25T11:10:45+00:00\",\"dateModified\":\"2025-05-27T08:10:18+00:00\",\"description\":\"Organisez un EVG ou EVJF original au Pays Basque entre amis ! Sortie VTT \u00e9lectrique fun et privatis\u00e9e, d\u00e8s 4 pers.\",\"breadcrumb\":{\"@id\":\"https:\\\/\\\/liluak-vtt.com\\\/index.php\\\/anniversaire-evg-evjf-vtt-paysbasque\\\/#breadcrumb\"},\"inLanguage\":\"fr-FR\",\"potentialAction\":[{\"@type\":\"ReadAction\",\"target\":[\"https:\\\/\\\/liluak-vtt.com\\\/index.php\\\/anniversaire-evg-evjf-vtt-paysbasque\\\/\"]}]},{\"@type\":\"ImageObject\",\"inLanguage\":\"fr-FR\",\"@id\":\"https:\\\/\\\/liluak-vtt.com\\\/index.php\\\/anniversaire-evg-evjf-vtt-paysbasque\\\/#primaryimage\",\"url\":\"https:\\\/\\\/liluak-vtt.com\\\/wp-content\\\/uploads\\\/2025\\\/05\\\/bilbao-vttelectrique-01.jpg\",\"contentUrl\":\"https:\\\/\\\/liluak-vtt.com\\\/wp-content\\\/uploads\\\/2025\\\/05\\\/bilbao-vttelectrique-01.jpg\",\"width\":1000,\"height\":563,\"caption\":\"bilbao-vttelectrique-evg\"},{\"@type\":\"BreadcrumbList\",\"@id\":\"https:\\\/\\\/liluak-vtt.com\\\/index.php\\\/anniversaire-evg-evjf-vtt-paysbasque\\\/#breadcrumb\",\"itemListElement\":[{\"@type\":\"ListItem\",\"position\":1,\"name\":\"Accueil\",\"item\":\"https:\\\/\\\/liluak-vtt.com\\\/\"},{\"@type\":\"ListItem\",\"position\":2,\"name\":\"EVG &#038; EVJF au Pays Basque : sortie VTT \u00e9lectrique entre amis\"}]},{\"@type\":\"WebSite\",\"@id\":\"https:\\\/\\\/liluak-vtt.com\\\/#website\",\"url\":\"https:\\\/\\\/liluak-vtt.com\\\/\",\"name\":\"LILUAK VTT\",\"description\":\"Partez \u00e0 la d\u00e9couverte des sentiers du Pays Basque\",\"publisher\":{\"@id\":\"https:\\\/\\\/liluak-vtt.com\\\/#organization\"},\"potentialAction\":[{\"@type\":\"SearchAction\",\"target\":{\"@type\":\"EntryPoint\",\"urlTemplate\":\"https:\\\/\\\/liluak-vtt.com\\\/?s={search_term_string}\"},\"query-input\":{\"@type\":\"PropertyValueSpecification\",\"valueRequired\":true,\"valueName\":\"search_term_string\"}}],\"inLanguage\":\"fr-FR\"},{\"@type\":\"Organization\",\"@id\":\"https:\\\/\\\/liluak-vtt.com\\\/#organization\",\"name\":\"LILUAK VTT\",\"url\":\"https:\\\/\\\/liluak-vtt.com\\\/\",\"logo\":{\"@type\":\"ImageObject\",\"inLanguage\":\"fr-FR\",\"@id\":\"https:\\\/\\\/liluak-vtt.com\\\/#\\\/schema\\\/logo\\\/image\\\/\",\"url\":\"https:\\\/\\\/liluak-vtt.com\\\/wp-content\\\/uploads\\\/2021\\\/04\\\/logo-liluakvtt-urrugne.jpg\",\"contentUrl\":\"https:\\\/\\\/liluak-vtt.com\\\/wp-content\\\/uploads\\\/2021\\\/04\\\/logo-liluakvtt-urrugne.jpg\",\"width\":900,\"height\":900,\"caption\":\"LILUAK VTT\"},\"image\":{\"@id\":\"https:\\\/\\\/liluak-vtt.com\\\/#\\\/schema\\\/logo\\\/image\\\/\"},\"sameAs\":[\"https:\\\/\\\/www.facebook.com\\\/liluakvtt\",\"https:\\\/\\\/www.instagram.com\\\/liluak_vtt_paysbasque\\\/\",\"https:\\\/\\\/www.youtube.com\\\/channel\\\/UCTTTL8MCyvKaRz2rGhruOxA\"]}]}<\/script>\n<!-- \/ Yoast SEO plugin. -->","yoast_head_json":{"title":"EVG et EVJF au Pays Basque : sortie VTT \u00e9lectrique entre amis","description":"Organisez un EVG ou EVJF original au Pays Basque entre amis ! Sortie VTT \u00e9lectrique fun et privatis\u00e9e, d\u00e8s 4 pers.","robots":{"index":"index","follow":"follow","max-snippet":"max-snippet:-1","max-image-preview":"max-image-preview:large","max-video-preview":"max-video-preview:-1"},"canonical":"https:\/\/liluak-vtt.com\/index.php\/anniversaire-evg-evjf-vtt-paysbasque\/","og_locale":"fr_FR","og_type":"article","og_title":"EVG et EVJF au Pays Basque : sortie VTT \u00e9lectrique entre amis","og_description":"Organisez un EVG ou EVJF original au Pays Basque entre amis ! Sortie VTT \u00e9lectrique fun et privatis\u00e9e, d\u00e8s 4 pers.","og_url":"https:\/\/liluak-vtt.com\/index.php\/anniversaire-evg-evjf-vtt-paysbasque\/","og_site_name":"LILUAK VTT","article_publisher":"https:\/\/www.facebook.com\/liluakvtt","article_modified_time":"2025-05-27T08:10:18+00:00","og_image":[{"url":"https:\/\/liluak-vtt.com\/wp-content\/uploads\/2025\/05\/bilbao-vttelectrique-01.jpg","type":"","width":"","height":""}],"twitter_card":"summary_large_image","twitter_misc":{"Dur\u00e9e de lecture estim\u00e9e":"1 minute"},"schema":{"@context":"https:\/\/schema.org","@graph":[{"@type":"WebPage","@id":"https:\/\/liluak-vtt.com\/index.php\/anniversaire-evg-evjf-vtt-paysbasque\/","url":"https:\/\/liluak-vtt.com\/index.php\/anniversaire-evg-evjf-vtt-paysbasque\/","name":"EVG et EVJF au Pays Basque : sortie VTT \u00e9lectrique entre amis","isPartOf":{"@id":"https:\/\/liluak-vtt.com\/#website"},"primaryImageOfPage":{"@id":"https:\/\/liluak-vtt.com\/index.php\/anniversaire-evg-evjf-vtt-paysbasque\/#primaryimage"},"image":{"@id":"https:\/\/liluak-vtt.com\/index.php\/anniversaire-evg-evjf-vtt-paysbasque\/#primaryimage"},"thumbnailUrl":"https:\/\/liluak-vtt.com\/wp-content\/uploads\/2025\/05\/bilbao-vttelectrique-01.jpg","datePublished":"2021-03-25T11:10:45+00:00","dateModified":"2025-05-27T08:10:18+00:00","description":"Organisez un EVG ou EVJF original au Pays Basque entre amis ! Sortie VTT \u00e9lectrique fun et privatis\u00e9e, d\u00e8s 4 pers.","breadcrumb":{"@id":"https:\/\/liluak-vtt.com\/index.php\/anniversaire-evg-evjf-vtt-paysbasque\/#breadcrumb"},"inLanguage":"fr-FR","potentialAction":[{"@type":"ReadAction","target":["https:\/\/liluak-vtt.com\/index.php\/anniversaire-evg-evjf-vtt-paysbasque\/"]}]},{"@type":"ImageObject","inLanguage":"fr-FR","@id":"https:\/\/liluak-vtt.com\/index.php\/anniversaire-evg-evjf-vtt-paysbasque\/#primaryimage","url":"https:\/\/liluak-vtt.com\/wp-content\/uploads\/2025\/05\/bilbao-vttelectrique-01.jpg","contentUrl":"https:\/\/liluak-vtt.com\/wp-content\/uploads\/2025\/05\/bilbao-vttelectrique-01.jpg","width":1000,"height":563,"caption":"bilbao-vttelectrique-evg"},{"@type":"BreadcrumbList","@id":"https:\/\/liluak-vtt.com\/index.php\/anniversaire-evg-evjf-vtt-paysbasque\/#breadcrumb","itemListElement":[{"@type":"ListItem","position":1,"name":"Accueil","item":"https:\/\/liluak-vtt.com\/"},{"@type":"ListItem","position":2,"name":"EVG &#038; EVJF au Pays Basque : sortie VTT \u00e9lectrique entre amis"}]},{"@type":"WebSite","@id":"https:\/\/liluak-vtt.com\/#website","url":"https:\/\/liluak-vtt.com\/","name":"LILUAK VTT","description":"Partez \u00e0 la d\u00e9couverte des sentiers du Pays Basque","publisher":{"@id":"https:\/\/liluak-vtt.com\/#organization"},"potentialAction":[{"@type":"SearchAction","target":{"@type":"EntryPoint","urlTemplate":"https:\/\/liluak-vtt.com\/?s={search_term_string}"},"query-input":{"@type":"PropertyValueSpecification","valueRequired":true,"valueName":"search_term_string"}}],"inLanguage":"fr-FR"},{"@type":"Organization","@id":"https:\/\/liluak-vtt.com\/#organization","name":"LILUAK VTT","url":"https:\/\/liluak-vtt.com\/","logo":{"@type":"ImageObject","inLanguage":"fr-FR","@id":"https:\/\/liluak-vtt.com\/#\/schema\/logo\/image\/","url":"https:\/\/liluak-vtt.com\/wp-content\/uploads\/2021\/04\/logo-liluakvtt-urrugne.jpg","contentUrl":"https:\/\/liluak-vtt.com\/wp-content\/uploads\/2021\/04\/logo-liluakvtt-urrugne.jpg","width":900,"height":900,"caption":"LILUAK VTT"},"image":{"@id":"https:\/\/liluak-vtt.com\/#\/schema\/logo\/image\/"},"sameAs":["https:\/\/www.facebook.com\/liluakvtt","https:\/\/www.instagram.com\/liluak_vtt_paysbasque\/","https:\/\/www.youtube.com\/channel\/UCTTTL8MCyvKaRz2rGhruOxA"]}]}},"_links":{"self":[{"href":"https:\/\/liluak-vtt.com\/index.php\/wp-json\/wp\/v2\/pages\/12407","targetHints":{"allow":["GET"]}}],"collection":[{"href":"https:\/\/liluak-vtt.com\/index.php\/wp-json\/wp\/v2\/pages"}],"about":[{"href":"https:\/\/liluak-vtt.com\/index.php\/wp-json\/wp\/v2\/types\/page"}],"author":[{"embeddable":true,"href":"https:\/\/liluak-vtt.com\/index.php\/wp-json\/wp\/v2\/users\/1"}],"replies":[{"embeddable":true,"href":"https:\/\/liluak-vtt.com\/index.php\/wp-json\/wp\/v2\/comments?post=12407"}],"version-history":[{"count":63,"href":"https:\/\/liluak-vtt.com\/index.php\/wp-json\/wp\/v2\/pages\/12407\/revisions"}],"predecessor-version":[{"id":15457,"href":"https:\/\/liluak-vtt.com\/index.php\/wp-json\/wp\/v2\/pages\/12407\/revisions\/15457"}],"wp:attachment":[{"href":"https:\/\/liluak-vtt.com\/index.php\/wp-json\/wp\/v2\/media?parent=12407"}],"curies":[{"name":"wp","href":"https:\/\/api.w.org\/{rel}","templated":true}]}}